-4*a + f = -3*a. What is the highest common factor of a and 8?
1
Let j(q) = -4*q + 6. Let y be j(-12). Let l = 16 - -54. Suppose o - l = -o - 3*m, -2*o = -5*m - y. What is the greatest common factor of o and 48?
16
Suppose 12 = -3*a - 24. Let l be 45/(-4) - (-9)/a. Let b be 3/l - (-77)/4. What is the highest common factor of b and 38?
19
Let y be (-59)/(-3) + (-13)/(-39). Let o be (-141)/(-15) - 9/(-15). What is the greatest common divisor of y and o?
10
Suppose 0*m + 20 = 4*h + m, -h - 2*m = -12. Suppose h*l - 116 = -32. Let y = 43 - l. What is the highest common divisor of y and 55?
11
Suppose -2*q + 40 = -2*p, q = 4*p + 42 + 35. Let h = -10 - p. Calculate the highest common divisor of h and 99.
9
Let u be 6 + -5 + -3 - (-173 - 0). Calculate the highest common factor of 19 and u.
19
Let n be (-50)/(-1)*10/20. Let v be 4*(-4)/20*n. Let r = -15 - v. What is the highest common divisor of 25 and r?
5
Suppose 2*x - 12 = 24. Let u be (-22)/(-33)*(12 - 0) + -2. What is the highest common factor of u and x?
6
Let t = -13 - -13. Suppose -2*u + 5*u - 9 = t. Calculate the greatest common factor of u and 15.
3
Suppose 5*b - 672 = -3*p, -3*p - p - 4 = 0. What is the greatest common factor of b and 27?
27
Let h be (2 - 2) + (-216)/(-3). Suppose 130 = 5*l - 5*p, 5*l + 0*p + 5*p - 140 = 0. What is the highest common divisor of l and h?
9
Let w(y) = y + 9. Let o be w(-4). Suppose 2*l - 57 = -0*l - 3*z, -o*l + 195 = -3*z. What is the highest common divisor of l and 4?
4
Let i(o) = 4*o - 16. Let c = 71 - 65. Let l be i(c). What is the greatest common divisor of l and 88?
8
Suppose 6*g - g = 270. Let o = 33 - -183. Calculate the greatest common divisor of o and g.
54
Let j(b) = -b**2 + 9*b + 12. Suppose -6*i + 54 = 6. Let k be j(i). Let h be (20 - 0)/(6/15). What is the greatest common factor of k and h?
10
Suppose 0*w + 5*p = 4*w - 11, 4*p - 24 = -5*w. Suppose -w*g - 56 = -408. Calculate the highest common factor of 22 and g.
22
Let i(h) = 2*h**2 + 29*h - 14. Let z be i(-15). Suppose v - 39 - z = 0. Calculate the highest common divisor of v and 40.
40
Let r(w) = 20*w + 21. Let m be r(10). What is the highest common factor of 17 and m?
17
Suppose 282 = -2*m + 106. Let a be -2 + 3 + (2 - m). What is the greatest common divisor of 13 and a?
13
Suppose 2*y - 5*d + 725 = 7*y, 4*y + 3*d - 579 = 0. Calculate the greatest common divisor of 48 and y.
48
Let w(j) = j**2 - 7*j - 737. Let u be w(31). Let c(v) = v**2 - v - 2. Let g be c(6). What is the greatest common factor of u and g?
7
Suppose -517 = -3*x + 7*g - 2*g, -g = 4*x - 720. Suppose -5*u - v - v = -164, 5*u - x = 3*v. Calculate the greatest common divisor of u and 51.
17
Let y be (-1)/(1/2) - -2. Suppose -3*f = -6, -86 = -y*o - o + 2*f. Let g = 38 - 2. Calculate the greatest common divisor of o and g.
18
Let r be (-5 - (7 + -42))*(-81)/(-45). What is the highest common factor of 2214 and r?
54
Let w(r) = -2*r**2 - 117*r + 182. Let k be w(-58). Let d be (-2)/9 - 110/(-9). Calculate the greatest common divisor of k and d.
12
Let v = -11 + 13. Let x(j) = 6*j**2 - 3*j + 3. Let z be x(v). Suppose -z = -4*h + h. Calculate the highest common factor of h and 7.
7
Suppose -k - 3*k + 108 = 0. Suppose 5*g + 46 = 2*o - 205, -g + 425 = 4*o. Calculate the greatest common factor of k and o.
27
Let l be (-2 + (-12)/(-8))*-12. Let j be (2 - -16)*4/l. Let z be j/9*(-30)/(-4). Calculate the highest common factor of 25 and z.
5
Suppose -b + 15 = 4*b. Suppose 0 = b*g - g. Suppose g = -4*a + a + 105. Calculate the highest common factor of a and 14.
7
Let a(v) be the first derivative of -v**4/4 + v**3/3 + 2*v**2 + 6*v - 143. Let f = -5 - -2. Let x be a(f). What is the highest common divisor of 6 and x?
6
Suppose 2*g + 138 = 2*y, 360 = 14*y - 9*y - 2*g. What is the highest common divisor of y and 6?
2
Let l(j) be the third derivative of -j**6/120 - j**5/6 - j**4/12 - 5*j**3/2 - 5*j**2. Let s be l(-10). What is the highest common factor of 25 and s?
5
Let t = 118 - 216. Let l = t - -182. Calculate the greatest common divisor of 12 and l.
12
Suppose -3*q = l - 2, -4*l + 3*l - q = -4. Suppose 0 = -3*u - b - b + 290, -5*b = l*u - 485. Calculate the highest common factor of 64 and u.
32
Let k = 400 + -144. What is the greatest common factor of k and 8?
8
Suppose 3*m + 5*b - 322 = -85, -5*m + b + 423 = 0. Calculate the greatest common factor of 70 and m.
14
Suppose -2*u + 3*u = 2. Let f = 71 - u. Suppose 4*k = g - 15, -2*g - 66*k + 48 = -65*k. Calculate the highest common factor of g and f.
23
Suppose 11*m - 65 = 45. Suppose -12*h + 70 = m. What is the greatest common divisor of h and 5?
5
Let a(n) = -13*n - 5. Let w be a(-6). Suppose -p + 51 + 102 = 0. Suppose -q - 4*f = -w, 4*q - 193 = 2*f + p. Calculate the greatest common divisor of q and 17.
17
Suppose 212 = 3*p + 68. Suppose 2*q = -2*q + 4*l - p, -q + 2*l - 12 = 0. Let u be q/4*6/(-9). What is the greatest common divisor of u and 18?
2
Let g(a) = -5*a**3 - a**2 + a + 3. Suppose 2*n + 0*n = -2*s, -3*n + 2 = 5*s. Let f be g(n). What is the highest common divisor of f and 6?
6
Let o = -366 + 378. Calculate the highest common divisor of o and 84.
12
Let c(d) = d**3 - d**2 - d + 6. Let r be c(0). Let x = -2 + r. What is the greatest common divisor of x and 4?
4
Let c(x) = -x**3 + 7*x**2 + 12. Let f be c(6). Let z = -8 + f. Suppose -2*l = -i - 15, 4*i - z = -l - l. What is the greatest common factor of l and 40?
10
Let x(r) = 2*r**2 + 4. Let l be (-2)/(-4)*-4*1. Let s be x(l). What is the highest common factor of s and 36?
12
Let d = -1698 + 1779. What is the greatest common factor of 1701 and d?
81
Let d(j) = -j**2 - 6*j - 6. Let y be d(-3). Suppose 0 = y*c + 10 - 13. Suppose -1 = -v + c. What is the greatest common factor of 8 and v?
2
Let t be 5252/20 - (-2)/5. Let h(r) = -3*r**2 + 70*r - 23. Let j be h(23). Suppose j = 4*p - t + 23. What is the highest common factor of 12 and p?
12
Suppose 173 = 5*a + 3*m, 2*a + 4*m - 41 - 31 = 0. Suppose -u - u + a = 4*k, -45 = -5*k - 2*u. Calculate the greatest common divisor of 11 and k.
11
Suppose -21*l + 11287 + 8915 = 0. What is the highest common factor of 52 and l?
26
Let z be (8/(-6))/(2/(-3)). Suppose z = -0*j + 2*j. Let w = -823 - -831. Calculate the greatest common factor of j and w.
1
Let y(j) = j**2 - 3*j. Let h be y(5). Suppose -3*a + 69 = -5*f - 46, 155 = 4*a - 5*f. What is the highest common divisor of h and a?
10
Let l(t) = -75*t - 195. Let u be l(-5). Calculate the highest common factor of 260 and u.
20
Let q be 88/7 + (-52)/91. Let m = q + 2. Suppose -m = -f + 90. Calculate the greatest common factor of f and 13.
13
Let z(k) = k + 2. Let u be z(7). What is the greatest common divisor of 423 and u?
9
Suppose -4 = 4*l - 4*u, u - 1 = 2*l - 0*l. Suppose 4*n - 23 + 3 = l. Calculate the highest common divisor of n and 10.
5
Suppose 83*b - 25710 - 6743 = 0. What is the highest common divisor of 69 and b?
23
Suppose 0 = -4*w + 5*w - 312. Calculate the highest common factor of w and 24.
24
Suppose -48 = 3*l - 7*l. Let u(w) = 5*w**2 - 9*w - 32. Let z be u(-4). What is the greatest common divisor of z and l?
12
Suppose 2*p = -y + 50, 28 = -p + 2*p + 2*y. Calculate the highest common factor of 1128 and p.
24
Let s be 579/39 - (-6)/39. Suppose 0 = -3*v - 2*l + 3*l + 35, s = 2*v + l. Calculate the greatest common factor of v and 40.
10
Let t be (-4)/(15/((-675)/18)). What is the greatest common factor of t and 290?
10
Suppose -2*y + 4*y = -3*j + 76, -70 = -3*j + y. Calculate the highest common divisor of j and 264.
24
Let j = 37 - -37. Let x be (j/(-6))/((-7)/((-21)/(-1))). What is the highest common factor of x and 296?
37
Let v be (-110)/(-6)*(0 + 3). Suppose -21 = -2*d + 27. Suppose 3*o - d = -4*t - o, -5*o = -t + 36. What is the greatest common factor of v and t?
11
Let d(j) = -2*j - 2. Let o be d(-2). Suppose -a - 8 = -4*q - o, -2*a = -q - 2. Suppose q*m - 55 = 235. What is the highest common factor of 58 and m?
29
Let y be ((-6)/(-5))/((-36)/(-6960)). What is the highest common factor of y and 8?
8
Let s = -7 + 11. Let b(v) = -v + 2. Let z be b(s). Let o be (z + -4)*(-20 - 0). Calculate the highest common factor of 48 and o.
24
Suppose 5*w - 15 = 4*h, -5*h - 64 = -w - 19. Let q be (h/(-3))/((-94)/12 + 8). Calculate the greatest common f